{"id":16,"date":"2024-07-25T19:53:49","date_gmt":"2024-07-25T19:53:49","guid":{"rendered":"https:\/\/ryckspiel.kistehgw.de\/wordpress\/?page_id=16"},"modified":"2024-10-02T00:33:08","modified_gmt":"2024-10-01T23:33:08","slug":"die-kiste","status":"publish","type":"page","link":"https:\/\/ryckspiel.kistehgw.de\/index.php\/die-kiste\/","title":{"rendered":"Die Kiste"},"content":{"rendered":"\n<figure class=\"wp-block-image aligncenter size-full\"><img loading=\"lazy\" decoding=\"async\" width=\"1920\" height=\"1080\" src=\"https:\/\/ryckspiel.kistehgw.de\/wordpress\/wp-content\/uploads\/2024\/09\/kiste_logo_transparent.jpg\" alt=\"\" class=\"wp-image-335\" srcset=\"https:\/\/ryckspiel.kistehgw.de\/wordpress\/wp-content\/uploads\/2024\/09\/kiste_logo_transparent.jpg 1920w, https:\/\/ryckspiel.kistehgw.de\/wordpress\/wp-content\/uploads\/2024\/09\/kiste_logo_transparent-300x169.jpg 300w, https:\/\/ryckspiel.kistehgw.de\/wordpress\/wp-content\/uploads\/2024\/09\/kiste_logo_transparent-1024x576.jpg 1024w, https:\/\/ryckspiel.kistehgw.de\/wordpress\/wp-content\/uploads\/2024\/09\/kiste_logo_transparent-768x432.jpg 768w, https:\/\/ryckspiel.kistehgw.de\/wordpress\/wp-content\/uploads\/2024\/09\/kiste_logo_transparent-1536x864.jpg 1536w, https:\/\/ryckspiel.kistehgw.de\/wordpress\/wp-content\/uploads\/2024\/09\/kiste_logo_transparent-600x338.jpg 600w\" sizes=\"auto, (max-width: 1920px) 100vw, 1920px\" \/><\/figure>\n\n\n\n<p>Im Herzen von Sch\u00f6nwalde 2, befindet sich der Studierendenclub Kiste e.V., der seit 1978 die lokale Kultur- und Studierendenszene bereichert. Neben legend\u00e4ren Partys bietet die Kiste ein abwechslungsreiches Veranstaltungsprogramm, das von spannenden Pubquiz-Abenden und gem\u00fctlichen Kinoevents bis hin zu mitrei\u00dfenden Konzerten reicht. Ein besonderes Highlight sind die regelm\u00e4\u00dfigen Pen &amp; Paper-Tage, die in Zusammenarbeit mit RyckSpiel organisiert werden \u2013 ideal f\u00fcr alle, die Rollenspielabenteuer lieben. Ob Kultur, Unterhaltung oder Gemeinschaft \u2013 die Kiste hat f\u00fcr jeden etwas zu bieten!<\/p>\n\n\n\n<hr class=\"wp-block-separator has-alpha-channel-opacity is-style-wide\" style=\"margin-top:var(--wp--preset--spacing--40);margin-bottom:var(--wp--preset--spacing--40)\"\/>\n\n\n\n<h2 class=\"wp-block-heading has-text-align-center\"><strong>Anreise<\/strong><br><\/h2>\n\n\n\t\t<div\n            id=\"wpmapblock_6dd582b7\"\n            data-settings='{&quot;map_marker&quot;:[{&quot;id&quot;:&quot;1&quot;,&quot;lat&quot;:&quot;54.0832906&quot;,&quot;lng&quot;:&quot;13.4175459&quot;,&quot;title&quot;:&quot;Die Kiste&quot;,&quot;content&quot;:&quot;Die Kiste in Greifswald&quot;,&quot;iconType&quot;:&quot;default&quot;,&quot;customIconUrl&quot;:&quot;&quot;,&quot;customIconWidth&quot;:&quot;25&quot;,&quot;customIconHeight&quot;:&quot;40&quot;}],&quot;map_zoom&quot;:&quot;16&quot;,&quot;scroll_wheel_zoom&quot;:false,&quot;map_type&quot;:&quot;GM&quot;,&quot;center_index&quot;:0}'\n            class=\"wpmapblockrender\"\n            style=\"\n\t\t\twidth: 100%;\n\t\t\theight: 500px;\n\t\t\"\n            >\n        <\/div>\n        \n\n\n<div class=\"wp-block-group is-nowrap is-layout-flex wp-container-core-group-is-layout-6c531013 wp-block-group-is-layout-flex\">\n<figure class=\"wp-block-image size-full is-resized\"><img loading=\"lazy\" decoding=\"async\" width=\"434\" height=\"435\" src=\"https:\/\/ryckspiel.kistehgw.de\/wordpress\/wp-content\/uploads\/2024\/07\/MAPS_qr2.png\" alt=\"\" class=\"wp-image-20\" style=\"width:200px\" srcset=\"https:\/\/ryckspiel.kistehgw.de\/wordpress\/wp-content\/uploads\/2024\/07\/MAPS_qr2.png 434w, https:\/\/ryckspiel.kistehgw.de\/wordpress\/wp-content\/uploads\/2024\/07\/MAPS_qr2-300x300.png 300w, https:\/\/ryckspiel.kistehgw.de\/wordpress\/wp-content\/uploads\/2024\/07\/MAPS_qr2-150x150.png 150w\" sizes=\"auto, (max-width: 434px) 100vw, 434px\" \/><\/figure>\n\n\n\n<p>Der <strong>Studentenclub Kiste e.V. <\/strong><br>befindet sich in der <br><strong>Makarenkostra\u00dfe 49 <\/strong><br><strong> 17491 Greifswald<\/strong>:<\/p>\n<\/div>\n\n\n\n<hr class=\"wp-block-separator has-alpha-channel-opacity is-style-wide\" style=\"margin-top:var(--wp--preset--spacing--40);margin-bottom:var(--wp--preset--spacing--40)\"\/>\n\n\n\n<h4 class=\"wp-block-heading\"><strong>Anreise mit dem \u00d6PNV<\/strong><\/h4>\n\n\n\n<p><br>Die Kiste ist gut mit dem \u00d6PNV zu erreichen. <\/p>\n\n\n\n<p>Die n\u00e4chste Bushaltestelle ist &#8222;<strong>Wohnheime<\/strong>&#8222;, die von den Buslinien 2 und 3 angefahren wird.<br>Weitere Informationen zum \u00d6PNV in Greifswald findest du hier: <a href=\"https:\/\/www.sw-greifswald.de\/verkehrsbetrieb#c2162 \">https:\/\/www.sw-greifswald.de\/verkehrsbetrieb#c2162 <\/a><\/p>\n\n\n\n<h4 class=\"wp-block-heading\">Fahrpl\u00e4ne:<\/h4>\n\n\n\n<p><a href=\"https:\/\/www.sw-greifswald.de\/verkehrsbetrieb#c2162\">https:\/\/www.sw-greifswald.de\/verkehrsbetrieb#c2162<\/a><\/p>\n\n\n\n<p><\/p>\n","protected":false},"excerpt":{"rendered":"<p>Im Herzen von Sch\u00f6nwalde 2, befindet sich der Studierendenclub Kiste e.V., der seit 1978 die lokale Kultur- und Studierendenszene bereichert. Neben legend\u00e4ren Partys bietet die Kiste ein abwechslungsreiches Veranstaltungsprogramm, das von spannenden Pubquiz-Abenden und gem\u00fctlichen Kinoevents bis hin zu mitrei\u00dfenden Konzerten reicht. Ein besonderes Highlight sind die regelm\u00e4\u00dfigen Pen &amp; Paper-Tage, die in Zusammenarbeit mit [&hellip;]<\/p>\n","protected":false},"author":2,"featured_media":0,"parent":0,"menu_order":0,"comment_status":"closed","ping_status":"closed","template":"","meta":{"footnotes":""},"class_list":["post-16","page","type-page","status-publish","hentry"],"_links":{"self":[{"href":"https:\/\/ryckspiel.kistehgw.de\/index.php\/wp-json\/wp\/v2\/pages\/16","targetHints":{"allow":["GET"]}}],"collection":[{"href":"https:\/\/ryckspiel.kistehgw.de\/index.php\/wp-json\/wp\/v2\/pages"}],"about":[{"href":"https:\/\/ryckspiel.kistehgw.de\/index.php\/wp-json\/wp\/v2\/types\/page"}],"author":[{"embeddable":true,"href":"https:\/\/ryckspiel.kistehgw.de\/index.php\/wp-json\/wp\/v2\/users\/2"}],"replies":[{"embeddable":true,"href":"https:\/\/ryckspiel.kistehgw.de\/index.php\/wp-json\/wp\/v2\/comments?post=16"}],"version-history":[{"count":6,"href":"https:\/\/ryckspiel.kistehgw.de\/index.php\/wp-json\/wp\/v2\/pages\/16\/revisions"}],"predecessor-version":[{"id":380,"href":"https:\/\/ryckspiel.kistehgw.de\/index.php\/wp-json\/wp\/v2\/pages\/16\/revisions\/380"}],"wp:attachment":[{"href":"https:\/\/ryckspiel.kistehgw.de\/index.php\/wp-json\/wp\/v2\/media?parent=16"}],"curies":[{"name":"wp","href":"https:\/\/api.w.org\/{rel}","templated":true}]}}