{"id":42,"date":"2024-07-25T19:53:49","date_gmt":"2024-07-25T19:53:49","guid":{"rendered":"https:\/\/ryckspiel.kistehgw.de\/wordpress\/?page_id=42"},"modified":"2026-03-08T18:48:23","modified_gmt":"2026-03-08T17:48:23","slug":"verpflegung","status":"publish","type":"page","link":"https:\/\/ryckspiel.kistehgw.de\/index.php\/verpflegung\/","title":{"rendered":"Verpflegung"},"content":{"rendered":"\n<h3 class=\"wp-block-heading\">Verpflegung w\u00e4hrend der Convention 2026<\/h3>\n\n\n\n<p>Liebe Community und G\u00e4ste,<br>eine gro\u00dfe Auswahl an Getr\u00e4nken und einige Snacks gibt es vor Ort. Mahlzeiten bieten wir leider nicht an. Ihr m\u00fcsst nat\u00fcrlich nicht hungern! Ihr k\u00f6nnt eure eigene Verpflegung mitbringen oder bei einem Lieferservice bestellen.<\/p>\n\n\n\n<h4 class=\"wp-block-heading\">Lieferdienste in Greifswald<\/h4>\n\n\n\n<figure class=\"wp-block-table\"><table class=\"has-fixed-layout\"><tbody><tr><td>Restaurant<\/td><td>K\u00fcche<\/td><td>Tel.<\/td><td>Web<\/td><\/tr><tr><td>Athos<\/td><td>Griechisch<\/td><td>03834\/886400<\/td><td><br><a href=\"https:\/\/www.athos-greifswald.de\/lieferservice\/\">https:\/\/www.athos-greifswald.de\/lieferservice\/<\/a><\/td><\/tr><tr><td>Call a Pizza<\/td><td>Pizza\/Fast Food<\/td><td><a>03834 8834034<\/a><\/td><td><a href=\"https:\/\/www.call-a-pizza.de\/greifswald\/\">https:\/\/www.call-a-pizza.de\/greifswald\/<\/a><\/td><\/tr><tr><td>Dominos<\/td><td>Pizza<\/td><td>+49 (3834) 83 56 16<\/td><td><a href=\"https:\/\/bestellen.dominos.de\/\">https:\/\/bestellen.dominos.de\/<\/a><\/td><\/tr><tr><td>Sushi Salads Bowls<\/td><td>Sushi<\/td><td><\/td><td><\/td><\/tr><tr><td>Taj Mahal<\/td><td>Indisch<\/td><td>03834 \u2013 50 97 81<\/td><td><a href=\"https:\/\/www.taj-mahal-hgw.de\/lieferservice\/\">https:\/\/www.taj-mahal-hgw.de\/lieferservice\/<\/a><\/td><\/tr><tr><td><\/td><td><\/td><td><\/td><td><\/td><\/tr><\/tbody><\/table><\/figure>\n\n\n\n<p><\/p>\n","protected":false},"excerpt":{"rendered":"<p>Verpflegung w\u00e4hrend der Convention 2026 Liebe Community und G\u00e4ste,eine gro\u00dfe Auswahl an Getr\u00e4nken und einige Snacks gibt es vor Ort. Mahlzeiten bieten wir leider nicht an. Ihr m\u00fcsst nat\u00fcrlich nicht hungern! Ihr k\u00f6nnt eure eigene Verpflegung mitbringen oder bei einem Lieferservice bestellen. Lieferdienste in Greifswald Restaurant K\u00fcche Tel. Web Athos Griechisch 03834\/886400 https:\/\/www.athos-greifswald.de\/lieferservice\/ Call a [&hellip;]<\/p>\n","protected":false},"author":2,"featured_media":0,"parent":0,"menu_order":0,"comment_status":"closed","ping_status":"closed","template":"","meta":{"footnotes":""},"class_list":["post-42","page","type-page","status-publish","hentry"],"_links":{"self":[{"href":"https:\/\/ryckspiel.kistehgw.de\/index.php\/wp-json\/wp\/v2\/pages\/42","targetHints":{"allow":["GET"]}}],"collection":[{"href":"https:\/\/ryckspiel.kistehgw.de\/index.php\/wp-json\/wp\/v2\/pages"}],"about":[{"href":"https:\/\/ryckspiel.kistehgw.de\/index.php\/wp-json\/wp\/v2\/types\/page"}],"author":[{"embeddable":true,"href":"https:\/\/ryckspiel.kistehgw.de\/index.php\/wp-json\/wp\/v2\/users\/2"}],"replies":[{"embeddable":true,"href":"https:\/\/ryckspiel.kistehgw.de\/index.php\/wp-json\/wp\/v2\/comments?post=42"}],"version-history":[{"count":8,"href":"https:\/\/ryckspiel.kistehgw.de\/index.php\/wp-json\/wp\/v2\/pages\/42\/revisions"}],"predecessor-version":[{"id":780,"href":"https:\/\/ryckspiel.kistehgw.de\/index.php\/wp-json\/wp\/v2\/pages\/42\/revisions\/780"}],"wp:attachment":[{"href":"https:\/\/ryckspiel.kistehgw.de\/index.php\/wp-json\/wp\/v2\/media?parent=42"}],"curies":[{"name":"wp","href":"https:\/\/api.w.org\/{rel}","templated":true}]}}